se 5*j = u + 93, 3*u + 2*j = -3*j - 299. Let i = -73 - u. Let r(h) = 6 + 23*h - 55*h + i*h. Calculate r(5).
-29
Let b(o) = -31*o + o**3 - 144 + 146 + 27*o. Determine b(2).
2
Let x(k) = 9*k + 4 - k**3 - 4 - 7*k - 3*k**2 - 6*k**3. What is x(1)?
-8
Let f(b) = b**3 - 11*b**2 + 23*b + 14. Suppose 77 = 4*k + 5*m + 42, 0 = -4*k + 3*m + 11. What is f(k)?
-21
Let c = -4169 - -4169. Let m(w) = w**3 - w - 55. What is m(c)?
-55
Let k(f) = 10*f - 16. Let j be ((-5)/(-20))/(1 + 35/(-40)). Determine k(j).
4
Let h(s) = 3*s - 5. Let z(y) = 3*y - 6. Let j be ((-13)/((-13)/6))/10*-5. Let x(d) = j*z(d) + 4*h(d). What is x(-6)?
-20
Let c(f) be the second derivative of -f**4/12 + 7*f**3/6 + f**2/2 - 11*f - 28. Let t(n) = -3*n**2 - 1 + 0 + 4*n**2. Let o be t(-3). What is c(o)?
-7
Let w(j) = -j**2 + 6*j - 4. Let c(r) = -6*r - 119. Let d be c(-16). Let q = d + 29. Give w(q).
-4
Let c = -63 - -102. Let o = 26 - c. Let f(g) = -4*g + 4. Let i(l) = 2*l - 2. Let w(v) = o*i(v) - 6*f(v). Give w(-3).
8
Let y(i) be the second derivative of -13*i + 1 + 9/2*i**2 - 1/12*i**4 + 7/6*i**3. Determine y(8).
1
Let y(u) be the first derivative of u**3/3 + 2*u**2 + 5*u + 210. Give y(-4).
5
Let r(n) be the third derivative of n**5/60 + 5*n**4/24 + n**3/6 + 8*n**2. Suppose 0 = -24*j - 5 - 115. Calculate r(j).
1
Suppose 0 = 100*v - 482 + 82. Let d(n) be the second derivative of -5/3*n**3 + 11/2*n**2 + 0 + 1/12*n**v - 17*n. What is d(8)?
-5
Suppose f = 5*h + 169, -2*f = -5*f - 3*h + 417. Let d = f + -153. Let t(s) = s**2 + 10*s - 3. Calculate t(d).
-12
Let b(i) = -7*i - 9*i - 8*i - 4 + 27*i. Let j(t) = -t + 15. Let o be j(11). Suppose -3*u - 2*r + 20 = -0, 5*u - 4*r = o. Calculate b(u).
8
Let l(a) be the first derivative of -2*a**2 - 49*a - 2403. Determine l(-7).
-21
Let q(s) = 8*s**2 - 3*s + 3. Suppose -21 = -11*y + 4*y. Let x(n) = -2*n**2 + 2*n - 1. Let j(o) = y*x(o) + q(o). Determine j(-3).
9
Suppose 62*a - 9 = 44 + 71. Let u(c) be the first derivative of -45 + 6*c + 3/2*c**a. Determine u(6).
24
Let l(k) be the second derivative of 5*k**4/12 + k**3/3 + 10*k - 205. Calculate l(-4).
72
Let t(z) be the second derivative of -z**5/20 - z**4/2 + z**3/2 + 11*z**2/2 - 322*z - 3. Determine t(-6).
-7
Suppose 237*p - 6 = 239*p - 4*b, 5*b = 5*p + 40. Let s(o) = -o**2 - 13*o - 43. Determine s(p).
-43
Suppose -c = 5*o - 30, 3*o + c - 9 = 11. Let a(t) = -t + 17. Let p be a(9). Let g(m) = p*m + 0*m - o*m - 11 - 4*m. Calculate g(8).
-19
Let u(n) = 3*n**2 + 17*n + 30. Let p(d) = -7*d**2 - 35*d - 61. Let t(q) = 2*p(q) + 5*u(q). What is t(-12)?
-8
Let k be 0/(-11 + -14 + 24). Let f(j) = -j**3 + 2*j**2 + 2*j - 36. Give f(k).
-36
Let r(x) = x**3 + x - 31. Let w(d) = -d**2 + 9*d + 129. Let o be w(-25). Let s = o - -721. Determine r(s).
-31
Let x(s) be the first derivative of s**2/2 - 18*s + 4832. Determine x(18).
0
Let f(i) = -i**2 - 15*i - 14. Let t be 14/91 + (-164)/52. Let u(k) = -k**3 - 6*k**2 - 7*k - 6. Let q be u(t). Give f(q).
22
Let d(y) = y**3 - 2*y**2 - 6*y + 1. Let m be (3 - (-291)/33) + 10/55. Suppose l - 4*l = -m. Determine d(l).
9
Let o(i) = -i**2 - 3*i - 1. Suppose -11*z - 189 = -77*z + 3*z. What is o(z)?
-19
Suppose -2746*j - 2 = -2747*j. Let g(i) = -8*i + 17. What is g(j)?
1
Suppose -2*v = -2*u - 4, -88 + 69 = v - 8*u. Let t(d) be the second derivative of -1/20*d**v + 40*d + 3*d**2 - 1/4*d**4 + 0 + 5/6*d**3. Give t(-4).
2
Let c(x) = -x**2 - 3*x + 2. Let f be (-3)/(-45)*47 - (-6)/(-45). Suppose -3*y + 5*s = -186, -f*s + 0*s - 192 = -3*y. Let n = y - 71. Give c(n).
-2
Let w(a) = -4*a + 501 - 167 - a - a + 4*a - 330. Let n = -15 + 21. Calculate w(n).
-8
Let g(l) = -1 - 2 + 1451*l**2 - 733*l**2 - 719*l**2 + 30*l. Determine g(29).
26
Let j(o) = -15*o + 30. Let v be j(-6). Let s = 130 - v. Let p(r) = 10*r + 0*r + 3 - s - 8*r. Determine p(-6).
-19
Let u(l) = -l**2 + 14*l + 29. Let a = 20982 + -20970. What is u(a)?
53
Let j(i) = -2*i**2 + 1244*i - 4937. Let h be j(4). Let z(m) be the third derivative of 1/8*m**4 + 0 - 1/2*m**3 + 0*m + m**2. Calculate z(h).
18
Let o(b) = 113*b + 1144. Let z be o(-10). Let x(y) = -10*y + 139. Give x(z).
-1
Let t = -222 - -232. Suppose -t*i - 28 = -8. Let s(h) = 2*h**3 + 4*h**2 + h - 2. Give s(i).
-4
Let o be (-1)/(-2)*(1 - -1). Let v(n) = -n. Let x(c) be the third derivative of c**4/3 - c**3/6 - 31*c**2. Let k(b) = o*x(b) - 4*v(b). What is k(1)?
11
Suppose -8 - 2 = -5*m. Let o(b) = 7*b**2 - 63*b - 3*b**2 + 54*b - 5*b**m. Determine o(-6).
18
Let n(l) be the first derivative of 13/2*l**2 - 13*l - 174 + 1/3*l**3. Determine n(-14).
1
Let g(o) = 131*o**2 - 11*o - 12. Let c(y) = 109*y**2 - 13*y - 11. Let b(a) = -6*c(a) + 5*g(a). Calculate b(-18).
-84
Suppose -8*f + 4*f = f. Let o(w) = 5 + 2*w**3 - 3*w**3 - w + 5. What is o(f)?
10
Let q = -9370 + 9370. Let f(c) = -3*c - 17. Calculate f(q).
-17
Suppose -3*p = -45*g + 27, -3*g + 17*p + 27 = 14*p. Let m(f) be the second derivative of f**4/12 - f**3/2 - 3*f**2 - f. Give m(g).
-6
Let f(y) = 3*y**2 - 10*y - 29. Suppose -4 = 3*w - 2*o, 60*o - 5 = 65*o. Give f(w).
3
Suppose 0 + 10 = 3*q - 2*w, -2*w + 2 = 3*q. Let r(s) = 5 - 3*s**2 + 3*s**2 - 2*s**2 + 0*s**q + 2 + 2*s. Give r(3).
-5
Suppose -4*a = -5*a - 5*s, 5*a + 3*s = 66. Let g(j) = -8*j - 6*j + 851969 - 851975 + j**2. Give g(a).
9
Let b(d) = d**3 - 8*d**2 + 8*d + 6. Let n = -158 + 146. Let o be (22/110 - (-14)/(-20))*n. Determine b(o).
-18
Suppose o = 3*l - 4, 80 = 4*o - 2*l + 66. Let m(y) = y - 5. Let j(f) = -5*f + 25. Let c(x) = 2*j(x) + 11*m(x). Determine c(o).
0
Let u(p) = -p**3 - 19*p**2 - 18*p - 7. Let h = 8392 - 8410. Calculate u(h).
-7
Let b(u) = -u - 9. Suppose -w - 29 = 3*r, -4*w + 243*r - 244*r - 50 = 0. Give b(w).
2
Let k = 40 + -59. Let s be (-48)/9 - k/(342/(-12)). Let a(t) = 4*t + 9. What is a(s)?
-15
Let s(z) = -182 + 16*z + z + 381 - 216. Calculate s(6).
85
Let g be 4/(-4)*-4 + -5 - -40. Let r(s) = g*s + 118 - 111 - 38*s. Give r(-6).
1
Suppose 5*z - 29 = -2*o, 0 = -z - 0*z + 3*o - 1. Suppose -13*x - c + 9 = -8*x, z*x + 4*c = 6. Let t(m) = -m**3 + 3*m**2 - m. Give t(x).
2
Let s be 12/8 - (-1)/2. Suppose 0 = -4*c - g + 16, 6*c - 3*c - 3*g + 3 = 0. Let y(q) = 4*q - 7*q**2 + c*q**2 + 3*q**s + 1 + q. Calculate y(4).
5
Let o(v) = -v**2 + 4*v - 3. Let l(k) = -k + 1. Suppose -12*y - 39 = y. Let c(f) = y*l(f) + o(f). Suppose -m + 2 + 3 = 0. Determine c(m).
4
Let j(h) = 275*h + 2427. Let d(q) = -46*q - 403. Let b(r) = -13*d(r) - 2*j(r). Determine b(-8).
1
Suppose -134*r + 5 = -139*r. Let i(d) = -2*d - 12. Let l(x) = -2*x - 1. Let z(n) = r*i(n) + 3*l(n). Give z(4).
-7
Let m(n) be the third derivative of n**6/120 - n**5/20 + n**4/24 - n**3/6 - n**2 - 2*n - 16542. Let h(z) = z**2 - 2*z + 1. Let t be h(3). What is m(t)?
19
Let b(m) = -3*m**2 - 7*m + 5. Let o(i) = -i**2 - 3*i + 3. Let g(h) = -2*b(h) + 5*o(h). Suppose 455*z = -43*z + 1992. Give g(z).
17
Suppose 4*k + 48 = -5*p, p - 2*k + 2 = -2. Let j(s) = 21331*s + 21336*s + 9 - 42665*s. Give j(p).
-7
Let h be (-26 + 332/12)*6/(-5). Let w(v) = -v - 1. Let s(x) = -28*x - 24. Let j(y) = s(y) - 24*w(y). Give j(h).
8
Suppose 70 = 5*t + 4*u + u, -t = 3*u - 30. Let c(j) = -j**3 + 5*j**2 + 10*j + 14. What is c(t)?
38
Let o be 4 + (6/3)/(-2). Suppose -17 = o*j + 4*x + 4, j + 3*x = -12. Let z(c) be the third derivative of -c**4/24 + 91*c**2 + 7*c. Give z(j).
3
Let a(w) be the third derivative of -2*w + 5/6*w**3 + 0 - 88*w**2 - 1/8*w**4. Give a(9).
-22
Let i(j) = -2*j**2 + 3*j - 3. Suppose -3*u - 18*u + 105 = 0. Suppose 4*b - 2 = u*c, 10*b - 15 = -3*c + 7*b. What is i(c)?
-5
Let t(z) be the first derivative of -6*z**2 + 99*z - 1887. What is t(8)?
3
Let p = 161 + -148. Suppose -19 = 4*d + p. Let j(y) = y**2 + 10*y + 6. Determine j(d).
-10
Suppose 0 = -2*k - 24 + 8. Suppose 5*m = 21*m - 32. Let h(s) = 4*s**3 + 7*s**2 - 5*s**3 - 5 - 1 + 8*s - 14*s**m. Calculate h(k).
-6
Let w = -4226 - -4227. Let p(r) = 27*r**3 + r - 2. Give p(w).
26
Let p(y) be the second derivative of -4*y**3/3 - 2*y**2 + 768*y + 1. What is p(-17)?
132
Let x(y) = 2*y**3 + 3*y**2 - 2*y - 9. Let m(f) = f**3 + 3*f**2 - f - 9. Let d(u) = -3*m(u) + 2*x(u). Give d(3).
6
Let l(o) = 9*o**2 + 48*o - 75. Let y(a) = 17*a**2 + 98*a - 147. Let v(g) = 11*l(g) - 6*y(g). Calculate v(-21).
-6
Let i(d) = -d**3 + 5*d**2 - 4*d. Let v(o) be the second derivative of -11*o**3/3 - o**2/2 + 19*